{"id":16,"date":"2017-12-29T13:55:56","date_gmt":"2017-12-29T13:55:56","guid":{"rendered":"http:\/\/fiorucci.se\/?page_id=16"},"modified":"2017-12-29T13:58:44","modified_gmt":"2017-12-29T13:58:44","slug":"fiorucci","status":"publish","type":"page","link":"https:\/\/fiorucci.se\/?page_id=16","title":{"rendered":"Om Fiorucci"},"content":{"rendered":"<p>Vad \u00e4r Fiorucci f\u00f6r n\u00e5got? Svaret \u00e4r enkelt, en blogg som s\u00e4tter trenderna p\u00e5 kartan. Tanken med Fiorucci \u00e4r att utveckla denna bloggsajt till en trends\u00e4ttare inom mode och styling av alla dess slag. Vi som skriver f\u00f6r Fiorucci \u00e4lskar allt som har med styling och trender att g\u00f6ra. Ni f\u00e5r g\u00e4rna h\u00f6r av er till oss p\u00e5 mail.<\/p>\n<p>Skicka ett mejl till modehus@fiorucci.se s\u00e5 svarar vi s\u00e5 snart vi kan.<\/p>\n<p>Hej svejs!<\/p>\n","protected":false},"excerpt":{"rendered":"<p>Vad \u00e4r Fiorucci f\u00f6r n\u00e5got? Svaret \u00e4r enkelt, en blogg som s\u00e4tter trenderna p\u00e5 kartan. Tanken med Fiorucci \u00e4r att utveckla denna bloggsajt till en trends\u00e4ttare inom mode och styling av alla dess slag. Vi som skriver f\u00f6r Fiorucci \u00e4lskar allt som har med styling och trender att g\u00f6ra. Ni &hellip; <a href=\"https:\/\/fiorucci.se\/?page_id=16\" class=\"more-link\">More <span class=\"screen-reader-text\">Om Fiorucci<\/span> <span class=\"meta-nav\"><span class=\"genericon genericon-next\"><\/span><\/span><\/a><\/p>\n","protected":false},"author":1,"featured_media":0,"parent":0,"menu_order":0,"comment_status":"closed","ping_status":"closed","template":"","meta":[],"_links":{"self":[{"href":"https:\/\/fiorucci.se\/index.php?rest_route=\/wp\/v2\/pages\/16"}],"collection":[{"href":"https:\/\/fiorucci.se\/index.php?rest_route=\/wp\/v2\/pages"}],"about":[{"href":"https:\/\/fiorucci.se\/index.php?rest_route=\/wp\/v2\/types\/page"}],"author":[{"embeddable":true,"href":"https:\/\/fiorucci.se\/index.php?rest_route=\/wp\/v2\/users\/1"}],"replies":[{"embeddable":true,"href":"https:\/\/fiorucci.se\/index.php?rest_route=%2Fwp%2Fv2%2Fcomments&post=16"}],"version-history":[{"count":2,"href":"https:\/\/fiorucci.se\/index.php?rest_route=\/wp\/v2\/pages\/16\/revisions"}],"predecessor-version":[{"id":22,"href":"https:\/\/fiorucci.se\/index.php?rest_route=\/wp\/v2\/pages\/16\/revisions\/22"}],"wp:attachment":[{"href":"https:\/\/fiorucci.se\/index.php?rest_route=%2Fwp%2Fv2%2Fmedia&parent=16"}],"curies":[{"name":"wp","href":"https:\/\/api.w.org\/{rel}","templated":true}]}}